{"id":2990,"date":"2023-05-16T12:13:57","date_gmt":"2023-05-16T15:13:57","guid":{"rendered":"http:\/\/colegiodemaria.edu.ar\/memc\/?page_id=2990"},"modified":"2024-11-28T11:13:19","modified_gmt":"2024-11-28T14:13:19","slug":"coleccion-geologica","status":"publish","type":"page","link":"https:\/\/colegiodemaria.edu.ar\/memc\/coleccion-geologica\/","title":{"rendered":"Colecci\u00f3n Geol\u00f3gica"},"content":{"rendered":"\t\t<div data-elementor-type=\"wp-page\" data-elementor-id=\"2990\" class=\"elementor elementor-2990\">\n\t\t\t\t\t\t<section class=\"elementor-section elementor-top-section elementor-element elementor-element-0b5f383 elementor-section-boxed elementor-section-height-default elementor-section-height-default\" data-id=\"0b5f383\" data-element_type=\"section\" data-e-type=\"section\">\n\t\t\t\t\t\t<div class=\"elementor-container elementor-column-gap-default\">\n\t\t\t\t\t<div class=\"elementor-column elementor-col-100 elementor-top-column elementor-element elementor-element-8fd8622\" data-id=\"8fd8622\" data-element_type=\"column\" data-e-type=\"column\" data-settings=\"{&quot;background_background&quot;:&quot;classic&quot;}\">\n\t\t\t<div class=\"elementor-widget-wrap elementor-element-populated\">\n\t\t\t\t\t\t<div class=\"elementor-element elementor-element-8f05821 elementor-widget elementor-widget-image\" data-id=\"8f05821\" data-element_type=\"widget\" data-e-type=\"widget\" data-widget_type=\"image.default\">\n\t\t\t\t<div class=\"elementor-widget-container\">\n\t\t\t\t\t\t\t\t\t\t\t\t\t\t\t<img fetchpriority=\"high\" decoding=\"async\" width=\"750\" height=\"156\" src=\"https:\/\/colegiodemaria.edu.ar\/memc\/wp-content\/uploads\/2023\/05\/btn-geologica-1024x213.png\" class=\"attachment-large size-large wp-image-2968\" alt=\"\" srcset=\"https:\/\/colegiodemaria.edu.ar\/memc\/wp-content\/uploads\/2023\/05\/btn-geologica-1024x213.png 1024w, https:\/\/colegiodemaria.edu.ar\/memc\/wp-content\/uploads\/2023\/05\/btn-geologica-300x62.png 300w, https:\/\/colegiodemaria.edu.ar\/memc\/wp-content\/uploads\/2023\/05\/btn-geologica-768x160.png 768w, https:\/\/colegiodemaria.edu.ar\/memc\/wp-content\/uploads\/2023\/05\/btn-geologica.png 1410w\" sizes=\"(max-width: 750px) 100vw, 750px\" \/>\t\t\t\t\t\t\t\t\t\t\t\t\t\t\t<\/div>\n\t\t\t\t<\/div>\n\t\t\t\t\t<\/div>\n\t\t<\/div>\n\t\t\t\t\t<\/div>\n\t\t<\/section>\n\t\t\t\t<section class=\"elementor-section elementor-top-section elementor-element elementor-element-2aef004 elementor-section-boxed elementor-section-height-default elementor-section-height-default\" data-id=\"2aef004\" data-element_type=\"section\" data-e-type=\"section\">\n\t\t\t\t\t\t<div class=\"elementor-container elementor-column-gap-default\">\n\t\t\t\t\t<div class=\"elementor-column elementor-col-50 elementor-top-column elementor-element elementor-element-fb2a1ef\" data-id=\"fb2a1ef\" data-element_type=\"column\" data-e-type=\"column\">\n\t\t\t<div class=\"elementor-widget-wrap elementor-element-populated\">\n\t\t\t\t\t\t<div class=\"elementor-element elementor-element-8c56a2b elementor-widget elementor-widget-text-editor\" data-id=\"8c56a2b\" data-element_type=\"widget\" data-e-type=\"widget\" data-widget_type=\"text-editor.default\">\n\t\t\t\t<div class=\"elementor-widget-container\">\n\t\t\t\t\t\t\t\t\t<p><span style=\"font-weight: 400;\">Hola! \u00bfC\u00f3mo est\u00e1n?, espero que su vida sea absolutamente hermosa, como yo, que soy preciosa (bueno, semi preciosa dicen por ahi los ge\u00f3logos). Llegu\u00e9 a este museo una tarde soleada, y al mirar, me di cuenta que hab\u00eda muchas m\u00e1s\u00a0 rocas y minerales, pero ninguna con mi color! Conversamos un poco, y algunas me contaron que vienen de otros continentes. Nos pusimos de acuerdo en ayudar a los humanos, y entonces entendimos que estamos en esta vitrina iluminada esperando que nos visiten, y yo me ofrec\u00ed a guiarlos,\u00a0 porque entend\u00ed que estamos en este lugar por una raz\u00f3n, y que tenemos una misi\u00f3n que cumplir. Ciertamente, no somos iguales, yo me destaco mucho, por eso dicen que soy un poco egoc\u00e9ntrica, pero bueno, llamo mucho la atenci\u00f3n, jajaja! Me han dicho tantas veces que soy tan bella! Adem\u00e1s, no es por nada, pero me gusta estudiar mucho, y he aprendido escuchando a las otras rocas contar sus historias\u2026<\/span><\/p><p><span style=\"font-weight: 400;\">Como l\u00edder nata, tambi\u00e9n estoy aprendiendo a trabajar en equipo, y\u00a0 que nuestro grupo siga unido porque cada uno es bueno e importante en su trabajo.<\/span><\/p><p><span style=\"font-weight: 400;\">Por ejemplo Don, que a pesar de su p\u00e9rdida de memoria, tiene una gran capacidad de entender la soledad, y reflexionar sobre las grandes preguntas de la vida. No puedo explicar mis sentimientos hacia \u00e9l, pero s\u00e9 que cada instante que comparto son maravillosos! En fin, espero conocerlos m\u00e1s, y en nombre de todos los miembros de la <\/span><b>colecci\u00f3n geol\u00f3gica,<\/b><span style=\"font-weight: 400;\"> les damos la bienvenida!!<\/span><\/p>\t\t\t\t\t\t\t\t<\/div>\n\t\t\t\t<\/div>\n\t\t\t\t\t<\/div>\n\t\t<\/div>\n\t\t\t\t<div class=\"elementor-column elementor-col-50 elementor-top-column elementor-element elementor-element-fe39131\" data-id=\"fe39131\" data-element_type=\"column\" data-e-type=\"column\">\n\t\t\t<div class=\"elementor-widget-wrap elementor-element-populated\">\n\t\t\t\t\t\t<div class=\"elementor-element elementor-element-266782a elementor-widget elementor-widget-image\" data-id=\"266782a\" data-element_type=\"widget\" data-e-type=\"widget\" data-widget_type=\"image.default\">\n\t\t\t\t<div class=\"elementor-widget-container\">\n\t\t\t\t\t\t\t\t\t\t\t\t\t\t\t<img decoding=\"async\" width=\"750\" height=\"750\" src=\"https:\/\/colegiodemaria.edu.ar\/memc\/wp-content\/uploads\/2023\/05\/amatista-01-1024x1024.png\" class=\"attachment-large size-large wp-image-2999\" alt=\"\" srcset=\"https:\/\/colegiodemaria.edu.ar\/memc\/wp-content\/uploads\/2023\/05\/amatista-01-1024x1024.png 1024w, https:\/\/colegiodemaria.edu.ar\/memc\/wp-content\/uploads\/2023\/05\/amatista-01-300x300.png 300w, https:\/\/colegiodemaria.edu.ar\/memc\/wp-content\/uploads\/2023\/05\/amatista-01-150x150.png 150w, https:\/\/colegiodemaria.edu.ar\/memc\/wp-content\/uploads\/2023\/05\/amatista-01-768x768.png 768w, https:\/\/colegiodemaria.edu.ar\/memc\/wp-content\/uploads\/2023\/05\/amatista-01.png 1280w\" sizes=\"(max-width: 750px) 100vw, 750px\" \/>\t\t\t\t\t\t\t\t\t\t\t\t\t\t\t<\/div>\n\t\t\t\t<\/div>\n\t\t\t\t\t<\/div>\n\t\t<\/div>\n\t\t\t\t\t<\/div>\n\t\t<\/section>\n\t\t\t\t<section class=\"elementor-section elementor-top-section elementor-element elementor-element-b69c897 elementor-section-boxed elementor-section-height-default elementor-section-height-default\" data-id=\"b69c897\" data-element_type=\"section\" data-e-type=\"section\">\n\t\t\t\t\t\t<div class=\"elementor-container elementor-column-gap-default\">\n\t\t\t\t\t<div class=\"elementor-column elementor-col-100 elementor-top-column elementor-element elementor-element-494e71a\" data-id=\"494e71a\" data-element_type=\"column\" data-e-type=\"column\">\n\t\t\t<div class=\"elementor-widget-wrap elementor-element-populated\">\n\t\t\t\t\t\t<div class=\"elementor-element elementor-element-7390cf1 elementor-widget elementor-widget-image\" data-id=\"7390cf1\" data-element_type=\"widget\" data-e-type=\"widget\" data-widget_type=\"image.default\">\n\t\t\t\t<div class=\"elementor-widget-container\">\n\t\t\t\t\t\t\t\t\t\t\t\t\t\t\t\t<a href=\"https:\/\/colegiodemaria.edu.ar\/memc\/podcasts\/\">\n\t\t\t\t\t\t\t<img decoding=\"async\" width=\"750\" height=\"110\" src=\"https:\/\/colegiodemaria.edu.ar\/memc\/wp-content\/uploads\/2024\/11\/PODCAST-BANNER.jpg\" class=\"attachment-large size-large wp-image-3074\" alt=\"\" srcset=\"https:\/\/colegiodemaria.edu.ar\/memc\/wp-content\/uploads\/2024\/11\/PODCAST-BANNER.jpg 1024w, https:\/\/colegiodemaria.edu.ar\/memc\/wp-content\/uploads\/2024\/11\/PODCAST-BANNER-300x44.jpg 300w, https:\/\/colegiodemaria.edu.ar\/memc\/wp-content\/uploads\/2024\/11\/PODCAST-BANNER-768x113.jpg 768w\" sizes=\"(max-width: 750px) 100vw, 750px\" \/>\t\t\t\t\t\t\t\t<\/a>\n\t\t\t\t\t\t\t\t\t\t\t\t\t\t\t<\/div>\n\t\t\t\t<\/div>\n\t\t\t\t\t<\/div>\n\t\t<\/div>\n\t\t\t\t\t<\/div>\n\t\t<\/section>\n\t\t\t\t<\/div>\n\t\t","protected":false},"excerpt":{"rendered":"<p>Hola! \u00bfC\u00f3mo est\u00e1n?, espero que su vida sea absolutamente hermosa, como yo, que soy preciosa (bueno, semi preciosa dicen por ahi los ge\u00f3logos). Llegu\u00e9 a este museo una tarde soleada, y al mirar, me di cuenta que hab\u00eda muchas m\u00e1s\u00a0 rocas y minerales, pero ninguna con mi color! Conversamos un poco, y algunas me contaron [&hellip;]<\/p>\n","protected":false},"author":2,"featured_media":0,"parent":0,"menu_order":0,"comment_status":"closed","ping_status":"closed","template":"elementor_header_footer","meta":{"footnotes":""},"class_list":["post-2990","page","type-page","status-publish","hentry"],"_links":{"self":[{"href":"https:\/\/colegiodemaria.edu.ar\/memc\/wp-json\/wp\/v2\/pages\/2990","targetHints":{"allow":["GET"]}}],"collection":[{"href":"https:\/\/colegiodemaria.edu.ar\/memc\/wp-json\/wp\/v2\/pages"}],"about":[{"href":"https:\/\/colegiodemaria.edu.ar\/memc\/wp-json\/wp\/v2\/types\/page"}],"author":[{"embeddable":true,"href":"https:\/\/colegiodemaria.edu.ar\/memc\/wp-json\/wp\/v2\/users\/2"}],"replies":[{"embeddable":true,"href":"https:\/\/colegiodemaria.edu.ar\/memc\/wp-json\/wp\/v2\/comments?post=2990"}],"version-history":[{"count":13,"href":"https:\/\/colegiodemaria.edu.ar\/memc\/wp-json\/wp\/v2\/pages\/2990\/revisions"}],"predecessor-version":[{"id":3144,"href":"https:\/\/colegiodemaria.edu.ar\/memc\/wp-json\/wp\/v2\/pages\/2990\/revisions\/3144"}],"wp:attachment":[{"href":"https:\/\/colegiodemaria.edu.ar\/memc\/wp-json\/wp\/v2\/media?parent=2990"}],"curies":[{"name":"wp","href":"https:\/\/api.w.org\/{rel}","templated":true}]}}